 (base 11) in base 15?
-7e33
Convert -1112220 (base 3) to base 14.
-5ab
What is 265 (base 15) in base 10?
545
Convert 8a0 (base 11) to base 5.
13303
What is 323022 (base 4) in base 12?
2236
Convert -28267 (base 12) to base 10.
-55663
Convert -1121001 (base 3) to base 8.
-2212
Convert -117f (base 16) to base 10.
-4479
-572 (base 11) to base 5
-10214
What is -1a15 (base 11) in base 9?
-3451
11011 (base 2) to base 14
1d
6 (base 15) to base 9
6
173 (base 10) to base 8
255
What is -60025 (base 7) in base 6?
-150441
Convert -177 (base 11) to base 14.
-109
Convert 12520 (base 8) to base 2.
1010101010000
Convert 1100100110 (base 2) to base 14.
418
Convert -18706 (base 12) to base 9.
-53716
46728 (base 9) to base 5
1444321
What is c5 (base 13) in base 8?
241
Convert -113014 (base 5) to base 7.
-15024
Convert 445 (base 10) to base 3.
121111
-670 (base 8) to base 11
-370
Convert -1133021 (base 4) to base 6.
-44105
Convert -1c6d (base 15) to base 14.
-2374
What is 7683 (base 13) in base 6?
204220
-12221 (base 5) to base 12
-660
Convert 24a (base 11) to base 5.
2141
505 (base 9) to base 10
410
-1abc (base 14) to base 10
-4870
Convert 1258 (base 9) to base 2.
1110110000
What is 4786 (base 13) in base 10?
10081
What is 7fb (base 16) in base 15?
913
What is -202434 (base 6) in base 14?
-5c58
What is -756 (base 10) in base 15?
-356
-6321 (base 7) to base 10
-2220
Convert -11001 (base 4) to base 12.
-229
What is -115506 (base 8) in base 5?
-2233000
Convert 73 (base 16) to base 2.
1110011
Convert -268 (base 15) to base 3.
-202022
What is 1010010101 (base 2) in base 11?
551
What is 8464 (base 16) in base 3?
1201111021
736 (base 12) to base 6
4510
Convert 13225 (base 6) to base 12.
1215
What is 10330 (base 8) in base 10?
4312
120b (base 12) to base 14
a4b
What is 120122212 (base 3) in base 12?
6735
-6ac8 (base 16) to base 5
-1333321
What is -362 (base 9) in base 8?
-453
-73433 (base 9) to base 12
-24070
Convert 2d18 (base 14) to base 11.
6066
Convert 406 (base 11) to base 8.
752
10ff (base 16) to base 5
114401
1799 (base 10) to base 5
24144
Convert -537a (base 12) to base 16.
-23ce
What is 14 (base 12) in base 8?
20
What is -2163 (base 11) in base 3?
-10220122
-2012100 (base 3) to base 2
-11001000010
What is 715 (base 8) in base 9?
562
Convert 20301 (base 6) to base 7.
10606
What is 110001000111 (base 2) in base 4?
301013
What is -1056 (base 9) in base 7?
-2163
What is 10221 (base 6) in base 7?
4012
53041 (base 6) to base 8
15761
What is -21211 (base 3) in base 12?
-157
Convert 10222122 (base 4) to base 3.
222012100
Convert 13130 (base 8) to base 13.
27b0
11004 (base 5) to base 15
354
What is -23334 (base 5) in base 11?
-1323
Convert 12351 (base 9) to base 10.
8308
-465 (base 11) to base 7
-1422
What is -c1bf (base 16) in base 5?
-3041344
-1 (base 2) to base 3
-1
Convert -1346 (base 9) to base 15.
-479
Convert -10110100001 (base 2) to base 5.
-21231
-206 (base 7) to base 3
-10212
What is -1103100 (base 4) in base 3?
-21022100
Convert -15632 (base 7) to base 11.
-3370
What is 9314 (base 12) in base 6?
202024
-481 (base 15) to base 11
-849
451014 (base 6) to base 4
21032302
-124024 (base 7) to base 11
-16309
What is -2120 (base 4) in base 12?
-108
Convert -5777 (base 11) to base 2.
-1110110100010
Convert -534 (base 6) to base 5.
-1302
Convert 47d (base 16) to base 8.
2175
Convert -1596 (base 12) to base 2.
-101000000010
21313 (base 4) to base 16
277
bd3 (base 14) to base 13
10b1
16e (base 16) to base 13
222
-aec9 (base 16) to base 12
-21a89
-1071 (base 10) to base 8
-2057
Convert -10102211 (base 3) to base 13.
-11aa
Convert -3357 (base 10) to base 2.
-110100011101
What is -54324 (base 6) in base 7?
-30526
What is 187e (base 15) in base 3?
21021002
-3024 (base 9) to base 2
-100010100001
What is -12210 (base 4) in base 8?
-644
4052 (base 8) to base 3
2212102
101221 (base 7) to base 2
100001101101111
What is 111000101 (base 2) in base 4?
13011
-100010010010 (base 2) to base 15
-9b4
Convert -568 (base 12) to base 14.
-412
Convert -10001111 (base 2) to base 7.
-263
Convert 24907 (base 10) to base 9.
37144
What is -4519 (base 15) in base 9?
-22076
What is -34060 (base 7) in base 16?
-21a9
-51 (base 11) to base 12
-48
What is -150515 (base 6) in base 4?
-3201233
-2544 (base 7) to base 2
-1111000011
What is -5db (base 15) in base 4?
-110303
What is 31113 (base 4) in base 14?
451
194a (base 15) to base 3
21111121
What is -28a (base 16) in base 11?
-541
-e (base 16) to base 11
-13
Convert aa76 (base 11) to base 5.
431403
Convert 11 (base 5) to base 12.
6
What is -3318 (base 9) in base 3?
-10100122
Convert -249 (base 13) to base 15.
-1b9
Convert 298 (base 11) to base 10.
349
Convert -5775 (base 8) to base 5.
-44234
What is -56535 (base 7) in base 13?
-66a8
What is 13301 (base 5) in base 13?
64a
336 (base 10) to base 11
286
What is -1101111000110 (base 2) in base 10?
-7110
-1004104 (base 5) to base 4
-3330122
-302031 (base 5) to base 4
-2112221
Convert 199a (base 11) to base 5.
40104
Convert 1022220 (base 3) to base 10.
969
What is 1303144 (base 5) in base 3?
1021212122
-616 (base 14) to base 7
-3326
Convert -125340 (base 6) to base 15.
-3670
Convert 2870 (base 9) to base 13.
cab
-7642 (base 9) to base 13
-273b
Convert -8811 (base 11) to base 16.
-2d6c
1111211020 (base 3) to base 7
152523
6647 (base 8) to base 11
2698
What is 1111200 (base 3) in base 5?
13343
What is -2334 (base 5) in base 14?
-1a8
What is 11111000100 (base 2) in base 7?
5540
What is -16a (base 13) in base 6?
-1105
Convert 110101011110 (base 2) to base 11.
2631
Convert 1122221 (base 3) to base 7.
3352
Convert -1413 (base 12) to base 9.
-3156
What is -1010000011 (base 2) in base 9?
-784
What is 1010100001010 (base 2) in base 11?
4057
157a (base 12) to base 14
cd8
Convert 2735 (base 10) to base 11.
2067
42a0 (base 11) to base 10
5676
What is 138a (base 11) in base 6?
12144
-18a40 (base 11) to base 16
-67af
-1100220200 (base 3) to base 13
-c330
Convert -1303222 (base 4) to base 5.
-214102
What is 931e (base 15) in base 9?
46562
Convert 1603 (base 9) to base 3.
1200010
What is -111011100111 (base 2) in base 6?
-25355
What is 59b (base 15) in base 3?
1202002
Convert -10100000101111 (base 2) to base 15.
-30ac
67e3 (base 15) to base 5
1201123
What is -5a (base 11) in base 16?
-41
What is 10066 (base 9) in base 6?
50353
What is -27767 (base 8) in base 12?
-7133
674 (base 12) to base 10
952
1d33 (base 15) to base 16
18cc
What is 7762 (base 9) in base 13?
27b6
19e (base 16) to base 6
1530
Convert -1011111 (base 2) to base 11.
-87
What is -122 (base 16) in base 7?
-563
26162 (base 9) to base 13
8045
What is 11012221 (base 4) in base 9?
31607
Convert -1100001101 (base 2) to base 9.
-1057
Convert -1052c (base 13) to base 12.
-15058
What is -233042 (base 5) in base 14?
-316a
42331 (base 7) to base 5
313314
Convert 6c3 (base 13) to base 8.
2225
What is 70a (base 12) in base 15?
47d
Convert 1a2c (base 15) to base 13.
276c
What is -5244 (base 7) in base 13?
-abc
Convert -98a4 (base 11) to base 12.
-7685
24024 (base 7) to base 16
1830
23002233 (base 4) to base 14
126ab
What is 435a9 (base 11) in base 16?
f731
-101011100 (base 2) to base 15
-183
Convert -11211010 (base 4) to base 7.
-123424
Convert -31b6 (base 12) to base 6.
-41150
1004313 (base 5) to base 14
5c9a
664 (base 8) to base 15
1e1
a9 (base 15) to base 14
b5
Convert -45150 (base 7) to base 3.
-120122100
10134 (base 6) to base 12
94a
What is -306 (base 10) in base 6?
-1230
What is -2230 (base 4) in base 5?
-1142
-3221321 (base 4) to base 14
-5653
332301 (base 5) to base 13
5366
Convert -3521 (base 6) to base 10.
-841
Convert 33130 (base 4) to base 5.
12423
Convert -20101210 (base 3) to base 16.
-1239
9449 (base 13) to base 5
1124020
What is -1 (base 5) in base 9?
-1
What is 302446 (base 7) in base 16?
c889
Convert 11011001100001 (base 2) to base 16.
3661
-cd6d (base 15) to base 9
-65634
What is -2215 (base 6) in base 7?
-1334
Convert 10100221 (base 3) to base 5.
34310
121211 (base 3) to base 8
706
-1101233 (base 4) to base 3
-21011202
What is 323302 (base 4) in base 10?
3826
What is -586 (base 10) in base 2?
-1001001010
Convert -3522 (base 6) to base 11.
-6a6
-121011101 (base 3) to base 11
-8941
What is 11033 (base 11) in base 4?
3322020
What is -20db (base 14) in b